 0. Suppose -37*a - 70 = -o*a. What is the greatest common divisor of a and 7?
7
Let v(h) = h - 30 - 17*h - 7 - 7*h. Let t be v(-3). What is the highest common factor of t and 24?
8
Let h be (-36)/(-2)*(2 - -1). Let b = -764468 + 765170. Calculate the highest common divisor of h and b.
54
Suppose -7 = 10*g - 11*g. Let w be -222*(-4 - g/(-2)). What is the highest common divisor of w and 185?
37
Let x(w) = 653*w - 36. Let u be x(9). What is the highest common factor of 198 and u?
99
Let g be ((-50198)/(-285) - 4/30)/(8/396). What is the greatest common divisor of g and 54?
18
Let l be (0 - -1)/(2/14). Let m(a) = a**3 + 74*a**2 + 347*a + 143. Let q be m(-69). Calculate the highest common factor of l and q.
1
Suppose -2*s - 58 = -v - 4*s, -4*v + 224 = 4*s. Let m be (-722 - -2)*v/(-135). What is the greatest common factor of 8 and m?
8
Let o = 520 - 277. Calculate the highest common factor of o and 126.
9
Let p = -7940 - -7975. What is the greatest common divisor of p and 1120?
35
Suppose 5*u - 9 - 16 = 0, -4*v + 4*u = 52. Let l be (-48)/22 + v/(-44) + 189. Let s = 31 + -14. What is the greatest common divisor of s and l?
17
Let x = 122 - 117. Let o(s) be the first derivative of s**4/4 - 5*s**3/3 + s**2 + 10*s + 13. Let c be o(x). Calculate the greatest common factor of 10 and c.
10
Suppose 2904 = -2*c + 68*c. Calculate the greatest common divisor of 374 and c.
22
Let t(i) = 24*i**2 - 182*i + 749. Let z be t(4). Calculate the greatest common divisor of z and 180.
45
Let s = 101071 + -101029. Let l = 84 + -35. Calculate the greatest common divisor of l and s.
7
Suppose 27*w - 23*w = 68. Suppose 0 = 4*p - w + 33. Let a be ((-16)/(-12))/(p/(-6)). What is the greatest common factor of a and 18?
2
Let v = -16 - -19. Let n be (0 - v - -207) + -1. Calculate the highest common divisor of n and 29.
29
Suppose 0 = 19*m - 41 + 22. Calculate the highest common factor of 76 and m.
1
Let n(a) = a**2 + 5*a. Let q be n(4). Let v be ((-154)/21)/(36/(-66) - (-679)/1386). What is the greatest common factor of q and v?
12
Let g = -18595 - -18676. Calculate the highest common factor of g and 639.
9
Let r(p) = 4*p**2 - 3*p + 29. Let w be r(4). Suppose 3*x = 8*i - 3*i - 405, i = -2*x + w. Calculate the highest common factor of 3 and i.
3
Suppose t + 20*i - 588 = 23*i, -2344 = -4*t + 4*i. Calculate the highest common factor of 351 and t.
117
Let r(w) = -56*w**2 - 14*w + 23. Let k be r(2). Let q = 278 + k. What is the highest common factor of 343 and q?
49
Let g(p) = -24*p + 3. Let d be g(-4). Let l(y) = -y**2 + 83*y + 11. Let s be l(0). Calculate the highest common divisor of d and s.
11
Suppose -33*y = -38*y - 4*h + 2298, -8 = -4*h. Calculate the highest common divisor of y and 9389.
229
Let s = -96 - -98. Suppose -5*y + 4*m = -295, -s*m = -3*y + 58 + 121. Calculate the highest common divisor of 36 and y.
9
Suppose -18*f + 56*f + 1330 = 0. Let d be 5 + f/(-15)*9. What is the highest common divisor of 169 and d?
13
Let n(b) = 60*b + 243. Let s be n(-4). Suppose -3*m - 2*m = 5*o - 370, o = s*m - 222. Calculate the greatest common divisor of 296 and m.
74
Let x be (-3)/18*15 + 149435/26. What is the highest common factor of 15 and x?
15
Let t = -66 - -781. Calculate the highest common divisor of 78 and t.
13
Let o be (-32)/(-3)*(-36)/(-16). Suppose 9*y + 25 - 169 = 0. Suppose -g = i - 18, 2*i + g = y + o. What is the greatest common factor of 242 and i?
22
Let a(u) be the second derivative of u**5/20 + 7*u**4/6 - 5*u**3/6 + 15*u**2/2 - 8*u + 2. Let p be a(-14). What is the highest common factor of 20 and p?
5
Suppose -555 = -13*k + 968 + 1025. What is the highest common divisor of k and 3038?
98
Suppose a + 3*h - 727 + 51 = 0, h + 1408 = 2*a. Calculate the greatest common factor of 3600 and a.
100
Suppose 0 = -3*g - a + 1083, -4*g - 24*a + 1449 = -21*a. Calculate the highest common factor of g and 1584.
72
Let a(p) = -3*p**3 + 2*p + 5. Suppose 0 = 39*k - 40*k - 39. Let l = -42 - k. Let b be a(l). What is the greatest common divisor of b and 10?
10
Suppose 10*k - 944 = -304. Let y = 73 - k. Suppose 0 = -y*q + 6*q + 108. Calculate the highest common factor of q and 27.
9
Suppose -32*z - 163 = -6*a - 33*z, -5*a = 4*z - 82. Let g(c) = 4*c**3 + 3*c**2 - c - 2. Let m be g(2). What is the highest common divisor of m and a?
10
Let m(q) = -7*q + 114. Let i be m(13). Let j = 994 - 810. What is the highest common factor of j and i?
23
Let y be 5/15 - 51/(-9). Let a = -10 + 14. Suppose -3*c + 70 = a*r, 3*c + r = -r + 62. What is the greatest common factor of y and c?
6
Let t(k) = -3*k**3 - 144*k**2 - 150*k - 395. Let m be t(-47). Calculate the highest common divisor of 16 and m.
4
Let h be 9*15/6*22/(-55). Let r be 240/h*(-36)/15. Calculate the greatest common factor of 80 and r.
16
Let o be (21/(-6))/((-59)/1298). Calculate the greatest common factor of o and 1562.
11
Let t(d) = 3*d + 15. Let u be t(-5). Let y be -4 + 1 + 77 + 1 + u. Let b = y - 10. What is the highest common factor of b and 26?
13
Let h be ((-249)/(-15) + 8/20)/1. Suppose -h*k = -21*k + 40. Let p = 146 - 76. What is the greatest common divisor of k and p?
10
Suppose -31*l + 6*l = 24*l - 9163. What is the highest common factor of 1023 and l?
11
Suppose -2*o = -5*o + 24. Let c be (13902/(-56))/((-6)/8). Suppose -8*g - 11 = -c. What is the greatest common factor of o and g?
8
Let h(k) be the second derivative of k**4/12 + 17*k**3/6 + 31*k**2 - 38*k. Let s be h(-12). Calculate the highest common factor of s and 10.
2
Let p = -2268 + 2326. Let a be (3 - 7)/(-2) - -27. Calculate the highest common divisor of a and p.
29
Let k(y) = 20*y**2 - 27*y - 55. Let v be k(10). What is the greatest common divisor of 67 and v?
67
Let u be 2*197/10 - 22/55. Let f be (-53)/(-2) - (3/2 - 1). What is the highest common factor of u and f?
13
Suppose 4*w + q - 6*q = 0, -2*q = 3*w. Suppose w = 92*u - 83*u - 432. What is the greatest common factor of u and 48?
48
Let b(c) be the second derivative of -c**5/20 + 7*c**4/12 + c**3/3 + 21*c**2/2 - 25*c. Let a be b(7). What is the greatest common divisor of a and 7?
7
Let a(x) = -5*x + 27. Let b be a(5). Suppose 0*n - b = -2*n. Let m be (74/1)/(n + 3/(-5)). Calculate the highest common factor of m and 74.
37
Suppose 5*c + x + 3*x = 15, -c - x = -4. Let k be 1 - -29 - 1*(c - 1). Suppose 155 = h - 5. Calculate the greatest common divisor of k and h.
32
Suppose 4*j - 48 + 4 = 0. Let a be (-111)/(-2) + (-75)/10 + 7. Suppose 660 = 5*f + a. Calculate the highest common factor of j and f.
11
Suppose 3*k + 3*m = 4*m + 1, 3 = -k + m. Let v = -524 - -519. Let t be 4/((0 + k)*v/(-60)). What is the greatest common factor of t and 72?
24
Suppose 5*v + 1760 = 2*a + 1970, v - 65 = 5*a. Calculate the greatest common factor of 15340 and v.
20
Suppose 5*p - 3*p = -2*i + 48, -8*p + 164 = i. Let h = 307 - 67. Calculate the highest common divisor of p and h.
20
Suppose 27*n = -5*q + 23*n + 2321, 3*q + 2*n - 1395 = 0. What is the greatest common divisor of q and 7?
7
Let d be (324/378)/(2/49). What is the highest common divisor of 651 and d?
21
Let j(p) be the first derivative of -p**4/4 + p**3/3 + p**2/2 + 33*p - 2. Let x be j(0). Let n = x + -9. Calculate the highest common factor of n and 168.
24
Suppose 3*x - 872 = -5*o, -8*o - 2*x = -4*o - 696. Let j = 288 - o. What is the greatest common factor of 87 and j?
29
Let h = -49 - -221. Suppose -3*o = -3, 4*w + 5*o = 97 + h. Suppose -5*d - 34 = -144. Calculate the greatest common factor of d and w.
22
Let o be 1810225/618 + -1*20/(-24). What is the highest common factor of 100 and o?
10
Let x = 114 - 368. Let d = x + 274. Let m be (-75)/(-9) - 2/6. What is the greatest common divisor of d and m?
4
Let z(f) = -4*f**2 - 261*f - 1455. Let g be z(-59). Let n = 645 - 355. Calculate the greatest common divisor of g and n.
10
Let l = 309 + -364. Let g be (136/(-170))/(1/l). Calculate the highest common divisor of g and 616.
44
Let j be (5/2)/(21/42). Suppose -j*n = -3*k - 170, -4*n - 4*k - 38 + 142 = 0. What is the greatest common divisor of 1 and n?
1
Let y(m) be the third derivative of 11*m**5/60 - 7*m**4/24 - 5*m**3/6 - 21*m**2 - 1. Let g be y(-1). Calculate the highest common factor of 767 and g.
13
Let x = -1037 + 10250. What is the highest common divisor of x and 333